{"id":601,"date":"2024-04-16T17:16:30","date_gmt":"2024-04-16T15:16:30","guid":{"rendered":"https:\/\/www.comfiwave.ch\/mentions-legales\/"},"modified":"2024-09-20T00:36:19","modified_gmt":"2024-09-19T22:36:19","slug":"mentions-legales","status":"publish","type":"page","link":"https:\/\/www.comfiwave.ch\/fr\/mentions-legales\/","title":{"rendered":"Mentions l\u00e9gales"},"content":{"rendered":"<p>[et_pb_section fb_built=\u00a0\u00bb1&Prime; admin_label=\u00a0\u00bbVideo\u00a0\u00bb _builder_version=\u00a0\u00bb4.22.0&Prime; _module_preset=\u00a0\u00bbdefault\u00a0\u00bb collapsed=\u00a0\u00bbon\u00a0\u00bb global_colors_info=\u00a0\u00bb{}\u00a0\u00bb][et_pb_row _builder_version=\u00a0\u00bb4.22.0&Prime; _module_preset=\u00a0\u00bbdefault\u00a0\u00bb max_width=\u00a0\u00bb1800px\u00a0\u00bb locked=\u00a0\u00bboff\u00a0\u00bb global_colors_info=\u00a0\u00bb{}\u00a0\u00bb][et_pb_column type=\u00a0\u00bb4_4&Prime; _builder_version=\u00a0\u00bb4.22.0&Prime; _module_preset=\u00a0\u00bbdefault\u00a0\u00bb global_colors_info=\u00a0\u00bb{}\u00a0\u00bb][et_pb_text _builder_version=\u00a0\u00bb4.22.0&Prime; _module_preset=\u00a0\u00bb58d8b81c-8854-4cee-8e4c-db8fe1905641&Prime; global_colors_info=\u00a0\u00bb{}\u00a0\u00bb]<\/p>\n<h2>Mentions l\u00e9gales<\/h2>\n<p>[\/et_pb_text][et_pb_text _builder_version=\u00a0\u00bb4.24.3&Prime; _module_preset=\u00a0\u00bbf1475992-f913-4f0b-82ba-c5f02c330a4e\u00a0\u00bb custom_margin=\u00a0\u00bb||0px||false|false\u00a0\u00bb global_colors_info=\u00a0\u00bb{}\u00a0\u00bb]<\/p>\n<h5>Responsable du contenu<\/h5>\n<p>[\/et_pb_text][et_pb_text _builder_version=\u00a0\u00bb4.24.3&Prime; _module_preset=\u00a0\u00bba0481b61-e92c-4bc5-a63c-25e309b4c38e\u00a0\u00bb global_colors_info=\u00a0\u00bb{}\u00a0\u00bb]<\/p>\n<p>Centre de compression Baltz<br \/><span>Rychenbergstrasse 367<\/span><br \/> 8404<span>Winterthur<\/span><\/p>\n<p>[\/et_pb_text][et_pb_text _builder_version=\u00a0\u00bb4.24.3&Prime; _module_preset=\u00a0\u00bbf1475992-f913-4f0b-82ba-c5f02c330a4e\u00a0\u00bb custom_margin=\u00a0\u00bb70px||0px||false|false\u00a0\u00bb global_colors_info=\u00a0\u00bb{}\u00a0\u00bb]<\/p>\n<h5>Repr\u00e9sent\u00e9 par :<\/h5>\n<p>[\/et_pb_text][et_pb_text _builder_version=\u00a0\u00bb4.26.0&Prime; _module_preset=\u00a0\u00bba0481b61-e92c-4bc5-a63c-25e309b4c38e\u00a0\u00bb hover_enabled=\u00a0\u00bb0&Prime; global_colors_info=\u00a0\u00bb{}\u00a0\u00bb sticky_enabled=\u00a0\u00bb0&Prime;]<\/p>\n<p>Markus Baltz<br \/>T\u00e9l : <a href=\"tel:0041762129934\" target=\"_blank\" rel=\"noopener\">+41 76 212 99 34<\/a><br \/>Mail : <a href=\"mailto:info@comfiwave.ch\" target=\"_blank\" rel=\"noopener\">info@comfiwave.ch<\/a><br \/>Web : <a href=\"https:\/\/www.comfiwave.ch\/fr\/\">www.comfiwave.ch<\/a><\/p>\n<p>[\/et_pb_text][et_pb_text _builder_version=\u00a0\u00bb4.24.3&Prime; _module_preset=\u00a0\u00bbf1475992-f913-4f0b-82ba-c5f02c330a4e\u00a0\u00bb custom_margin=\u00a0\u00bb70px||0px||false|false\u00a0\u00bb global_colors_info=\u00a0\u00bb{}\u00a0\u00bb]<\/p>\n<h5>Avis de responsabilit\u00e9<\/h5>\n<p>[\/et_pb_text][et_pb_text _builder_version=\u00a0\u00bb4.26.0&Prime; _module_preset=\u00a0\u00bba0481b61-e92c-4bc5-a63c-25e309b4c38e\u00a0\u00bb hover_enabled=\u00a0\u00bb0&Prime; global_colors_info=\u00a0\u00bb{}\u00a0\u00bb sticky_enabled=\u00a0\u00bb0&Prime;]<\/p>\n<p>Malgr\u00e9 un contr\u00f4le minutieux du contenu, nous n&rsquo;assumons aucune responsabilit\u00e9 pour le contenu des liens externes.<br \/>Les exploitants des pages li\u00e9es sont seuls responsables de leur contenu.<\/p>\n<p>&nbsp;<\/p>\n<div class=\"uncode_text_column\">\n<p>Aller \u00e0 la page <strong><a href=\"https:\/\/www.comfiwave.ch\/datenschutz\/\">D\u00e9claration de confidentialit\u00e9<\/a><\/strong><\/p>\n<\/div>\n<p>[\/et_pb_text][\/et_pb_column][\/et_pb_row][\/et_pb_section]<\/p>\n","protected":false},"excerpt":{"rendered":"<p>Mentions l\u00e9galesResponsable du contenuCentre de compression BaltzRychenbergstrasse 367 8404WinterthurRepr\u00e9sent\u00e9 par :Markus BaltzT\u00e9l : +41 76 212 99 34Mail : info@comfiwave.chWeb : www.comfiwave.chAvis de responsabilit\u00e9Malgr\u00e9 un contr\u00f4le minutieux du contenu, nous n&rsquo;assumons aucune responsabilit\u00e9 pour le contenu des liens externes.Les exploitants des pages li\u00e9es sont seuls responsables de leur contenu. &nbsp; Aller \u00e0 la page D\u00e9claration de confidentialit\u00e9<\/p>\n","protected":false},"author":1,"featured_media":0,"parent":0,"menu_order":0,"comment_status":"closed","ping_status":"closed","template":"","meta":{"_et_pb_use_builder":"on","_et_pb_old_content":"","_et_gb_content_width":"","footnotes":""},"class_list":["post-601","page","type-page","status-publish","hentry"],"yoast_head":"<!-- This site is optimized with the Yoast SEO plugin v27.5 - https:\/\/yoast.com\/product\/yoast-seo-wordpress\/ -->\n<title>Mentions l\u00e9gales - Kompressionszentrum Baltz<\/title>\n<meta name=\"robots\" content=\"index, follow, max-snippet:-1, max-image-preview:large, max-video-preview:-1\" \/>\n<link rel=\"canonical\" href=\"https:\/\/www.comfiwave.ch\/fr\/mentions-legales\/\" \/>\n<meta property=\"og:locale\" content=\"fr_FR\" \/>\n<meta property=\"og:type\" content=\"article\" \/>\n<meta property=\"og:title\" content=\"Mentions l\u00e9gales - Kompressionszentrum Baltz\" \/>\n<meta property=\"og:description\" content=\"Mentions l\u00e9galesResponsable du contenuCentre de compression BaltzRychenbergstrasse 367 8404WinterthurRepr\u00e9sent\u00e9 par :Markus BaltzT\u00e9l : +41 76 212 99 34Mail : info@comfiwave.chWeb : www.comfiwave.chAvis de responsabilit\u00e9Malgr\u00e9 un contr\u00f4le minutieux du contenu, nous n&#039;assumons aucune responsabilit\u00e9 pour le contenu des liens externes.Les exploitants des pages li\u00e9es sont seuls responsables de leur contenu. &nbsp; Aller \u00e0 la page D\u00e9claration de confidentialit\u00e9\" \/>\n<meta property=\"og:url\" content=\"https:\/\/www.comfiwave.ch\/fr\/mentions-legales\/\" \/>\n<meta property=\"og:site_name\" content=\"Kompressionszentrum Baltz\" \/>\n<meta property=\"article:modified_time\" content=\"2024-09-19T22:36:19+00:00\" \/>\n<meta name=\"twitter:card\" content=\"summary_large_image\" \/>\n<meta name=\"twitter:label1\" content=\"Dur\u00e9e de lecture estim\u00e9e\" \/>\n\t<meta name=\"twitter:data1\" content=\"2 minutes\" \/>\n<script type=\"application\/ld+json\" class=\"yoast-schema-graph\">{\"@context\":\"https:\\\/\\\/schema.org\",\"@graph\":[{\"@type\":\"WebPage\",\"@id\":\"https:\\\/\\\/www.comfiwave.ch\\\/fr\\\/mentions-legales\\\/\",\"url\":\"https:\\\/\\\/www.comfiwave.ch\\\/fr\\\/mentions-legales\\\/\",\"name\":\"Mentions l\u00e9gales - Kompressionszentrum Baltz\",\"isPartOf\":{\"@id\":\"https:\\\/\\\/www.comfiwave.ch\\\/fr\\\/#website\"},\"datePublished\":\"2024-04-16T15:16:30+00:00\",\"dateModified\":\"2024-09-19T22:36:19+00:00\",\"breadcrumb\":{\"@id\":\"https:\\\/\\\/www.comfiwave.ch\\\/fr\\\/mentions-legales\\\/#breadcrumb\"},\"inLanguage\":\"fr-FR\",\"potentialAction\":[{\"@type\":\"ReadAction\",\"target\":[\"https:\\\/\\\/www.comfiwave.ch\\\/fr\\\/mentions-legales\\\/\"]}]},{\"@type\":\"BreadcrumbList\",\"@id\":\"https:\\\/\\\/www.comfiwave.ch\\\/fr\\\/mentions-legales\\\/#breadcrumb\",\"itemListElement\":[{\"@type\":\"ListItem\",\"position\":1,\"name\":\"Startseite\",\"item\":\"https:\\\/\\\/www.comfiwave.ch\\\/fr\\\/accueil\\\/\"},{\"@type\":\"ListItem\",\"position\":2,\"name\":\"Mentions l\u00e9gales\"}]},{\"@type\":\"WebSite\",\"@id\":\"https:\\\/\\\/www.comfiwave.ch\\\/fr\\\/#website\",\"url\":\"https:\\\/\\\/www.comfiwave.ch\\\/fr\\\/\",\"name\":\"Kompressionszentrum Baltz\",\"description\":\"\",\"potentialAction\":[{\"@type\":\"SearchAction\",\"target\":{\"@type\":\"EntryPoint\",\"urlTemplate\":\"https:\\\/\\\/www.comfiwave.ch\\\/fr\\\/?s={search_term_string}\"},\"query-input\":{\"@type\":\"PropertyValueSpecification\",\"valueRequired\":true,\"valueName\":\"search_term_string\"}}],\"inLanguage\":\"fr-FR\"}]}<\/script>\n<!-- \/ Yoast SEO plugin. -->","yoast_head_json":{"title":"Mentions l\u00e9gales - Kompressionszentrum Baltz","robots":{"index":"index","follow":"follow","max-snippet":"max-snippet:-1","max-image-preview":"max-image-preview:large","max-video-preview":"max-video-preview:-1"},"canonical":"https:\/\/www.comfiwave.ch\/fr\/mentions-legales\/","og_locale":"fr_FR","og_type":"article","og_title":"Mentions l\u00e9gales - Kompressionszentrum Baltz","og_description":"Mentions l\u00e9galesResponsable du contenuCentre de compression BaltzRychenbergstrasse 367 8404WinterthurRepr\u00e9sent\u00e9 par :Markus BaltzT\u00e9l : +41 76 212 99 34Mail : info@comfiwave.chWeb : www.comfiwave.chAvis de responsabilit\u00e9Malgr\u00e9 un contr\u00f4le minutieux du contenu, nous n'assumons aucune responsabilit\u00e9 pour le contenu des liens externes.Les exploitants des pages li\u00e9es sont seuls responsables de leur contenu. &nbsp; Aller \u00e0 la page D\u00e9claration de confidentialit\u00e9","og_url":"https:\/\/www.comfiwave.ch\/fr\/mentions-legales\/","og_site_name":"Kompressionszentrum Baltz","article_modified_time":"2024-09-19T22:36:19+00:00","twitter_card":"summary_large_image","twitter_misc":{"Dur\u00e9e de lecture estim\u00e9e":"2 minutes"},"schema":{"@context":"https:\/\/schema.org","@graph":[{"@type":"WebPage","@id":"https:\/\/www.comfiwave.ch\/fr\/mentions-legales\/","url":"https:\/\/www.comfiwave.ch\/fr\/mentions-legales\/","name":"Mentions l\u00e9gales - Kompressionszentrum Baltz","isPartOf":{"@id":"https:\/\/www.comfiwave.ch\/fr\/#website"},"datePublished":"2024-04-16T15:16:30+00:00","dateModified":"2024-09-19T22:36:19+00:00","breadcrumb":{"@id":"https:\/\/www.comfiwave.ch\/fr\/mentions-legales\/#breadcrumb"},"inLanguage":"fr-FR","potentialAction":[{"@type":"ReadAction","target":["https:\/\/www.comfiwave.ch\/fr\/mentions-legales\/"]}]},{"@type":"BreadcrumbList","@id":"https:\/\/www.comfiwave.ch\/fr\/mentions-legales\/#breadcrumb","itemListElement":[{"@type":"ListItem","position":1,"name":"Startseite","item":"https:\/\/www.comfiwave.ch\/fr\/accueil\/"},{"@type":"ListItem","position":2,"name":"Mentions l\u00e9gales"}]},{"@type":"WebSite","@id":"https:\/\/www.comfiwave.ch\/fr\/#website","url":"https:\/\/www.comfiwave.ch\/fr\/","name":"Kompressionszentrum Baltz","description":"","potentialAction":[{"@type":"SearchAction","target":{"@type":"EntryPoint","urlTemplate":"https:\/\/www.comfiwave.ch\/fr\/?s={search_term_string}"},"query-input":{"@type":"PropertyValueSpecification","valueRequired":true,"valueName":"search_term_string"}}],"inLanguage":"fr-FR"}]}},"_links":{"self":[{"href":"https:\/\/www.comfiwave.ch\/fr\/wp-json\/wp\/v2\/pages\/601","targetHints":{"allow":["GET"]}}],"collection":[{"href":"https:\/\/www.comfiwave.ch\/fr\/wp-json\/wp\/v2\/pages"}],"about":[{"href":"https:\/\/www.comfiwave.ch\/fr\/wp-json\/wp\/v2\/types\/page"}],"author":[{"embeddable":true,"href":"https:\/\/www.comfiwave.ch\/fr\/wp-json\/wp\/v2\/users\/1"}],"replies":[{"embeddable":true,"href":"https:\/\/www.comfiwave.ch\/fr\/wp-json\/wp\/v2\/comments?post=601"}],"version-history":[{"count":3,"href":"https:\/\/www.comfiwave.ch\/fr\/wp-json\/wp\/v2\/pages\/601\/revisions"}],"predecessor-version":[{"id":606,"href":"https:\/\/www.comfiwave.ch\/fr\/wp-json\/wp\/v2\/pages\/601\/revisions\/606"}],"wp:attachment":[{"href":"https:\/\/www.comfiwave.ch\/fr\/wp-json\/wp\/v2\/media?parent=601"}],"curies":[{"name":"wp","href":"https:\/\/api.w.org\/{rel}","templated":true}]}}

Mentions légales

<p>[et_pb_section fb_built= »1&Prime; admin_label= »Video » _builder_version= »4.22.0&Prime; _module_preset= »default » collapsed= »on » global_colors_info= »{} »][et_pb_row _builder_version= »4.22.0&Prime; _module_preset= »default » max_width= »1800px » locked= »off » global_colors_info= »{} »][et_pb_column type= »4_4&Prime; _builder_version= »4.22.0&Prime; _module_preset= »default » global_colors_info= »{} »][et_pb_text _builder_version= »4.22.0&Prime; _module_preset= »58d8b81c-8854-4cee-8e4c-db8fe1905641&Prime; global_colors_info= »{} »]</p>
<h2>Mentions légales</h2>
<p>[/et_pb_text][et_pb_text _builder_version= »4.24.3&Prime; _module_preset= »f1475992-f913-4f0b-82ba-c5f02c330a4e » custom_margin= »||0px||false|false » global_colors_info= »{} »]</p>
<h5>Responsable du contenu</h5>
<p>[/et_pb_text][et_pb_text _builder_version= »4.24.3&Prime; _module_preset= »a0481b61-e92c-4bc5-a63c-25e309b4c38e » global_colors_info= »{} »]</p>
<p>Centre de compression Baltz<br /><span>Rychenbergstrasse 367</span><br /> 8404<span>Winterthur</span></p>
<p>[/et_pb_text][et_pb_text _builder_version= »4.24.3&Prime; _module_preset= »f1475992-f913-4f0b-82ba-c5f02c330a4e » custom_margin= »70px||0px||false|false » global_colors_info= »{} »]</p>
<h5>Représenté par :</h5>
<p>[/et_pb_text][et_pb_text _builder_version= »4.26.0&Prime; _module_preset= »a0481b61-e92c-4bc5-a63c-25e309b4c38e » hover_enabled= »0&Prime; global_colors_info= »{} » sticky_enabled= »0&Prime;]</p>
<p>Markus Baltz<br />Tél : <a href="tel:0041762129934" target="_blank" rel="noopener">+41 76 212 99 34</a><br />Mail : <a href="mailto:info@comfiwave.ch" target="_blank" rel="noopener">info@comfiwave.ch</a><br />Web : <a href="https://www.comfiwave.ch/fr/">www.comfiwave.ch</a></p>
<p>[/et_pb_text][et_pb_text _builder_version= »4.24.3&Prime; _module_preset= »f1475992-f913-4f0b-82ba-c5f02c330a4e » custom_margin= »70px||0px||false|false » global_colors_info= »{} »]</p>
<h5>Avis de responsabilité</h5>
<p>[/et_pb_text][et_pb_text _builder_version= »4.26.0&Prime; _module_preset= »a0481b61-e92c-4bc5-a63c-25e309b4c38e » hover_enabled= »0&Prime; global_colors_info= »{} » sticky_enabled= »0&Prime;]</p>
<p>Malgré un contrôle minutieux du contenu, nous n&rsquo;assumons aucune responsabilité pour le contenu des liens externes.<br />Les exploitants des pages liées sont seuls responsables de leur contenu.</p>
<p>&nbsp;</p>
<div class="uncode_text_column">
<p>Aller à la page <strong><a href="https://www.comfiwave.ch/datenschutz/">Déclaration de confidentialité</a></strong></p>
</div>
<p>[/et_pb_text][/et_pb_column][/et_pb_row][/et_pb_section]</p>

<p>Mentions légalesResponsable du contenuCentre de compression BaltzRychenbergstrasse 367 8404WinterthurReprésenté par :Markus BaltzTél : +41 76 212 99 34Mail : info@comfiwave.chWeb : www.comfiwave.chAvis de responsabilitéMalgré un contrôle minutieux du contenu, nous n&rsquo;assumons aucune responsabilité pour le contenu des liens externes.Les exploitants des pages liées sont seuls responsables de leur contenu. &nbsp; Aller à la page Déclaration de confidentialité</p>

<!-- This site is optimized with the Yoast SEO plugin v27.5 - https://yoast.com/product/yoast-seo-wordpress/ -->
<title>Mentions légales - Kompressionszentrum Baltz</title>
<meta name="robots" content="index, follow, max-snippet:-1, max-image-preview:large, max-video-preview:-1" />
<link rel="canonical" href="https://www.comfiwave.ch/fr/mentions-legales/" />
<meta property="og:locale" content="fr_FR" />
<meta property="og:type" content="article" />
<meta property="og:title" content="Mentions légales - Kompressionszentrum Baltz" />
<meta property="og:description" content="Mentions légalesResponsable du contenuCentre de compression BaltzRychenbergstrasse 367 8404WinterthurReprésenté par :Markus BaltzTél : +41 76 212 99 34Mail : info@comfiwave.chWeb : www.comfiwave.chAvis de responsabilitéMalgré un contrôle minutieux du contenu, nous n&#039;assumons aucune responsabilité pour le contenu des liens externes.Les exploitants des pages liées sont seuls responsables de leur contenu. &nbsp; Aller à la page Déclaration de confidentialité" />
<meta property="og:url" content="https://www.comfiwave.ch/fr/mentions-legales/" />
<meta property="og:site_name" content="Kompressionszentrum Baltz" />
<meta property="article:modified_time" content="2024-09-19T22:36:19+00:00" />
<meta name="twitter:card" content="summary_large_image" />
<meta name="twitter:label1" content="Durée de lecture estimée" />
	<meta name="twitter:data1" content="2 minutes" />
<script type="application/ld+json" class="yoast-schema-graph">{"@context":"https:\/\/schema.org","@graph":[{"@type":"WebPage","@id":"https:\/\/www.comfiwave.ch\/fr\/mentions-legales\/","url":"https:\/\/www.comfiwave.ch\/fr\/mentions-legales\/","name":"Mentions légales - Kompressionszentrum Baltz","isPartOf":{"@id":"https:\/\/www.comfiwave.ch\/fr\/#website"},"datePublished":"2024-04-16T15:16:30+00:00","dateModified":"2024-09-19T22:36:19+00:00","breadcrumb":{"@id":"https:\/\/www.comfiwave.ch\/fr\/mentions-legales\/#breadcrumb"},"inLanguage":"fr-FR","potentialAction":[{"@type":"ReadAction","target":["https:\/\/www.comfiwave.ch\/fr\/mentions-legales\/"]}]},{"@type":"BreadcrumbList","@id":"https:\/\/www.comfiwave.ch\/fr\/mentions-legales\/#breadcrumb","itemListElement":[{"@type":"ListItem","position":1,"name":"Startseite","item":"https:\/\/www.comfiwave.ch\/fr\/accueil\/"},{"@type":"ListItem","position":2,"name":"Mentions légales"}]},{"@type":"WebSite","@id":"https:\/\/www.comfiwave.ch\/fr\/#website","url":"https:\/\/www.comfiwave.ch\/fr\/","name":"Kompressionszentrum Baltz","description":"","potentialAction":[{"@type":"SearchAction","target":{"@type":"EntryPoint","urlTemplate":"https:\/\/www.comfiwave.ch\/fr\/?s={search_term_string}"},"query-input":{"@type":"PropertyValueSpecification","valueRequired":true,"valueName":"search_term_string"}}],"inLanguage":"fr-FR"}]}</script>
<!-- / Yoast SEO plugin. -->

Mentions légales - Kompressionszentrum Baltz

Mentions légalesResponsable du contenuCentre de compression BaltzRychenbergstrasse 367 8404WinterthurReprésenté par :Markus BaltzTél : +41 76 212 99 34Mail : info@comfiwave.chWeb : www.comfiwave.chAvis de responsabilitéMalgré un contrôle minutieux du contenu, nous n'assumons aucune responsabilité pour le contenu des liens externes.Les exploitants des pages liées sont seuls responsables de leur contenu. &nbsp; Aller à la page Déclaration de confidentialité
